 in base 8?
217
Convert 2 (base 13) to base 16.
2
What is 0 (base 12) in base 2?
0
-26 (base 8) to base 6
-34
Convert 0 (base 14) to base 2.
0
Convert 147 (base 13) to base 10.
228
Convert -10201 (base 3) to base 8.
-144
-1 (base 2) to base 7
-1
2 (base 11) to base 16
2
-320 (base 8) to base 2
-11010000
Convert -8 (base 14) to base 3.
-22
Convert -17 (base 12) to base 16.
-13
What is 240 (base 5) in base 13?
55
What is -111 (base 3) in base 11?
-12
Convert 22 (base 9) to base 15.
15
-1 (base 4) to base 7
-1
What is 10 (base 16) in base 3?
121
What is 0 (base 16) in base 10?
0
What is -8 (base 16) in base 3?
-22
What is -3 (base 4) in base 5?
-3
Convert 11 (base 11) to base 4.
30
What is 44 (base 15) in base 2?
1000000
What is -1 (base 12) in base 13?
-1
What is -2 (base 9) in base 14?
-2
Convert 35 (base 7) to base 8.
32
What is -12210 (base 3) in base 11?
-132
-8 (base 11) to base 4
-20
Convert -3b (base 12) to base 15.
-32
What is 1 (base 4) in base 16?
1
What is -1 (base 14) in base 7?
-1
Convert 0 (base 13) to base 16.
0
What is 5 (base 7) in base 8?
5
10011101 (base 2) to base 5
1112
What is -72 (base 13) in base 16?
-5d
12 (base 11) to base 15
d
Convert 12 (base 4) to base 12.
6
Convert -34 (base 13) to base 5.
-133
What is -7 (base 8) in base 6?
-11
-200 (base 4) to base 11
-2a
What is -2 (base 9) in base 13?
-2
What is 4 (base 10) in base 16?
4
1a (base 14) to base 5
44
What is 2 (base 3) in base 5?
2
Convert 56 (base 11) to base 14.
45
Convert -13 (base 9) to base 14.
-c
Convert 0 (base 15) to base 6.
0
-1011 (base 2) to base 11
-10
2c (base 14) to base 6
104
Convert -18 (base 9) to base 16.
-11
170 (base 9) to base 8
220
Convert 111 (base 4) to base 11.
1a
Convert -5 (base 13) to base 9.
-5
-111100 (base 2) to base 3
-2020
What is 120 (base 15) in base 8?
377
2a (base 14) to base 10
38
3a (base 16) to base 11
53
Convert -35 (base 6) to base 3.
-212
What is -3 (base 16) in base 2?
-11
-2 (base 4) to base 7
-2
-8 (base 10) to base 4
-20
-16 (base 11) to base 15
-12
Convert 2 (base 11) to base 9.
2
What is 1 (base 14) in base 4?
1
Convert -2 (base 3) to base 5.
-2
4 (base 5) to base 7
4
Convert -3 (base 15) to base 4.
-3
9a (base 12) to base 9
141
What is -16 (base 11) in base 2?
-10001
What is -2 (base 9) in base 8?
-2
Convert 3 (base 6) to base 5.
3
8 (base 12) to base 5
13
2a (base 11) to base 5
112
Convert -5 (base 15) to base 6.
-5
What is 0 (base 2) in base 16?
0
203 (base 7) to base 8
145
-333 (base 4) to base 16
-3f
113 (base 11) to base 2
10000111
10 (base 6) to base 13
6
Convert 1010010 (base 2) to base 4.
1102
Convert -3 (base 15) to base 2.
-11
What is 1413 (base 5) in base 10?
233
6 (base 12) to base 2
110
What is 5 (base 6) in base 10?
5
-3 (base 10) to base 2
-11
-1 (base 13) to base 14
-1
-43 (base 11) to base 12
-3b
What is 5 (base 11) in base 5?
10
-5 (base 15) to base 11
-5
What is -3 (base 4) in base 3?
-10
Convert 33 (base 5) to base 13.
15
43 (base 13) to base 12
47
Convert -20 (base 5) to base 12.
-a
Convert -112 (base 3) to base 7.
-20
Convert -18 (base 11) to base 14.
-15
-61 (base 8) to base 15
-34
What is 0 (base 13) in base 11?
0
166 (base 13) to base 8
375
What is -47 (base 13) in base 6?
-135
What is 1 (base 14) in base 15?
1
3 (base 6) to base 14
3
-32 (base 5) to base 2
-10001
What is 111 (base 2) in base 11?
7
What is -11 (base 13) in base 5?
-24
What is 4 (base 6) in base 9?
4
Convert -332 (base 4) to base 8.
-76
Convert 2110 (base 4) to base 5.
1043
1 (base 2) to base 12
1
Convert -6d (base 14) to base 6.
-241
What is 17 (base 16) in base 11?
21
What is -20 (base 8) in base 16?
-10
1 (base 14) to base 4
1
Convert 1 (base 7) to base 9.
1
-3 (base 9) to base 5
-3
-13 (base 8) to base 5
-21
What is 136 (base 9) in base 8?
162
-3 (base 16) to base 9
-3
Convert -4a (base 12) to base 4.
-322
-3 (base 10) to base 14
-3
Convert -101 (base 10) to base 9.
-122
Convert 194 (base 10) to base 13.
11c
What is -2212 (base 3) in base 15?
-52
What is -13 (base 13) in base 2?
-10000
Convert -11 (base 13) to base 16.
-e
-45 (base 9) to base 7
-56
What is -1 (base 7) in base 5?
-1
What is -74 (base 13) in base 11?
-87
-286 (base 11) to base 3
-110110
What is 4 (base 5) in base 2?
100
c (base 15) to base 10
12
Convert -16 (base 9) to base 8.
-17
What is -15 (base 7) in base 10?
-12
Convert -320 (base 7) to base 9.
-188
What is -113 (base 5) in base 15?
-23
Convert 2 (base 7) to base 15.
2
What is -1 (base 4) in base 8?
-1
What is -11 (base 8) in base 4?
-21
Convert 1 (base 15) to base 12.
1
What is 12 (base 3) in base 11?
5
Convert -2 (base 14) to base 6.
-2
What is 8 (base 12) in base 11?
8
-21122 (base 3) to base 7
-413
Convert 3 (base 4) to base 16.
3
-12 (base 13) to base 12
-13
What is -187 (base 13) in base 12?
-1b4
Convert -75 (base 8) to base 3.
-2021
Convert -9b (base 12) to base 16.
-77
0 (base 14) to base 12
0
11 (base 6) to base 14
7
4 (base 13) to base 2
100
Convert -43 (base 16) to base 5.
-232
a (base 16) to base 14
a
What is 0 (base 14) in base 12?
0
-15 (base 7) to base 9
-13
What is 153 (base 6) in base 13?
54
What is 212 (base 4) in base 14?
2a
What is 111011 (base 2) in base 4?
323
1 (base 16) to base 5
1
What is 1 (base 9) in base 10?
1
Convert -2 (base 4) to base 7.
-2
Convert 64 (base 16) to base 12.
84
What is 210 (base 6) in base 11?
71
What is -1 (base 7) in base 4?
-1
Convert 130 (base 4) to base 10.
28
What is 10 (base 5) in base 3?
12
-6 (base 12) to base 14
-6
Convert -1001 (base 2) to base 16.
-9
59 (base 11) to base 15
44
What is 214 (base 6) in base 10?
82
-1 (base 2) to base 9
-1
Convert -2 (base 15) to base 11.
-2
Convert -138 (base 10) to base 11.
-116
Convert 110 (base 2) to base 11.
6
Convert -2 (base 16) to base 9.
-2
-33 (base 14) to base 7
-63
Convert 220 (base 4) to base 13.
31
What is -505 (base 6) in base 14?
-d3
What is 1001 (base 2) in base 5?
14
-24 (base 5) to base 7
-20
1 (base 7) to base 5
1
-44 (base 9) to base 12
-34
-2 (base 14) to base 6
-2
4 (base 15) to base 14
4
Convert 10 (base 11) to base 8.
13
-9d (base 16) to base 13
-c1
Convert 9 (base 13) to base 2.
1001
What is -1 (base 8) in base 14?
-1
Convert 23 (base 12) to base 15.
1c
-2c (base 13) to base 8
-46
-541 (base 7) to base 2
-100010010
Convert 1 (base 6) to base 9.
1
What is 30 (base 7) in base 15?
16
Convert 101 (base 6) to base 13.
2b
What is -33 (base 4) in base 14?
-11
What is -4 (base 14) in base 11?
-4
What is 4 (base 5) in base 14?
4
Convert -36 (base 12) to base 7.
-60
Convert 250 (base 12) to base 13.
20a
Convert 113 (base 6) to base 15.
30
What is 12 (base 5) in base 2?
111
What is -4 (base 7) in base 5?
-4
-2011 (base 3) to base 4
-322
Convert -31 (base 9) to base 15.
-1d
What is -11 (base 2) in base 5?
-3
What is -100101 (base 2) in base 12?
-31
What is -b (base 15) in base 12?
-b
What is -13 (base 16) in base 14?
-15
What is 51 (base 10) in base 14?
39
What is 15 (base 12) in base 5?
32
Convert 1023 (base 4) to base 2.
1001011
-100 (base 5) to base 2
-11001
12 (base 14) to base 13
13
What is -35 (base 8) in base 3?
-1002
-4 (base 10) to base 12
-4
Convert 1212 (base 4) to base 16.
66
What is -113 (base 4) in base 5?
-43
-4f (base 16) to base 13
-61
Convert 22 (base 7) to base 9.
17
Convert 1131 (base 5) to base 11.
141
What is -21 (base 7) in base 11?
-14
4 (base 8) to base 9
4
3 (base 12) to base 7
3
Convert -74 (base 12) to base 5.
-323
40 (base 9) to base 3
1100
-1 (base 8) to base 2
-1
Convert -10 (base 12) to base 13.
-c
What is 13 (base 11) in base 12?
12
What is 6 (base 8) in base 12?
6
Convert -10100101 (base 2) to base 14.
-bb
Convert 6 (base 7) to base 3.
20
What is 0 (base 15) in base 9?
0
What is -11 (base 4) in base 6?
-5
-4 (base 14) to base 5
-4
What is -213 (base 6) in base 7?
-144
-2 (base 11) to base 10
-2
What is 2 (base 7) in base 11?
2
-107 (base 13) to base 4
-2300
What is -123 (base 11) in base 15?
-9b
-6 (base 11) to base 9
-6
Convert 45 (base 7) to base 4.
201
-9 (base 14) to base 15
-9
109 (base 13) to base 8
262
What is -330 (base 5) in base 6?
-230
Convert -3 (base 7) to base 5.
-3
51 (base 16) to base 3
10000
What is 25 (base 14) in base 8?
41
1 (base 9) to base 16
1
What is 10 (base 2) in base 16?
2
Convert 35 (base 6) to base 15.
18
What is 3 (base 4) in base 15?